{"id":480,"date":"2024-09-02T14:49:06","date_gmt":"2024-09-02T14:49:06","guid":{"rendered":"https:\/\/redunete.net\/home\/?page_id=480"},"modified":"2024-09-26T20:55:05","modified_gmt":"2024-09-26T20:55:05","slug":"aliados-estrategicos","status":"publish","type":"page","link":"https:\/\/redunete.net\/home\/aliados-estrategicos\/","title":{"rendered":"Aliados Estrat\u00e9gicos"},"content":{"rendered":"\t\t<div data-elementor-type=\"wp-page\" data-elementor-id=\"480\" class=\"elementor elementor-480\">\n\t\t\t\t<div class=\"elementor-element elementor-element-37b0671 e-con-full e-flex e-con e-parent\" data-id=\"37b0671\" data-element_type=\"container\" data-e-type=\"container\">\n\t\t<div class=\"elementor-element elementor-element-2ed2dfb e-con-full e-flex e-con e-child\" data-id=\"2ed2dfb\" data-element_type=\"container\" data-e-type=\"container\" data-settings=\"{&quot;background_background&quot;:&quot;slideshow&quot;,&quot;background_slideshow_gallery&quot;:[{&quot;id&quot;:152,&quot;url&quot;:&quot;https:\\\/\\\/redunete.net\\\/home\\\/wp-content\\\/uploads\\\/2024\\\/09\\\/student-greeting-her-university-teacher-during-vir-2023-11-27-05-13-19-utc-scaled.jpg&quot;}],&quot;background_slideshow_slide_duration&quot;:5000,&quot;background_slideshow_slide_transition&quot;:&quot;fade&quot;,&quot;background_slideshow_transition_duration&quot;:500}\">\n\t\t\t\t<div class=\"elementor-element elementor-element-0b1cf75 elementor-widget elementor-widget-page-title\" data-id=\"0b1cf75\" data-element_type=\"widget\" data-e-type=\"widget\" data-widget_type=\"page-title.default\">\n\t\t\t\t<div class=\"elementor-widget-container\">\n\t\t\t\t\t\t\t\n\t\t<div class=\"hfe-page-title hfe-page-title-wrapper elementor-widget-heading\">\n\n\t\t\t\t\t\t\t\t\t\t\t<a href=\"https:\/\/redunete.net\/home\">\n\t\t\t\t\t\t<h2 class=\"elementor-heading-title elementor-size-default\">\n\t\t\t\t\t\t\t\t\n\t\t\t\tAliados Estrat\u00e9gicos  \n\t\t\t<\/h2 > \n\t\t\t\t\t\t\t\t\t<\/a>\n\t\t\t\t\t<\/div>\n\t\t\t\t\t\t<\/div>\n\t\t\t\t<\/div>\n\t\t\t\t<\/div>\n\t\t\t\t<\/div>\n\t\t<div class=\"elementor-element elementor-element-cd55545 e-flex e-con-boxed e-con e-parent\" data-id=\"cd55545\" data-element_type=\"container\" data-e-type=\"container\">\n\t\t\t\t\t<div class=\"e-con-inner\">\n\t\t\t\t<div class=\"elementor-element elementor-element-bce812d elementor-widget__width-inherit elementor-widget elementor-widget-ucaddon_logo_grid\" data-id=\"bce812d\" data-element_type=\"widget\" data-e-type=\"widget\" data-widget_type=\"ucaddon_logo_grid.default\">\n\t\t\t\t<div class=\"elementor-widget-container\">\n\t\t\t\t\t\n<!-- start Logo Grid -->\n<style>\/* widget: Logo Grid *\/\n\n#uc_logo_grid_elementor_bce812d {\n  display: grid;\n}\n#uc_logo_grid_elementor_bce812d .ue-logo-title\n{\n  width:100%;\n  position:absolute;\n  bottom:0;\n  text-align:center;\n  left:0;\n}\n\n#uc_logo_grid_elementor_bce812d div.logo-grid-item\n{\ntext-align:center;\ndisplay:flex;\nflex-direction:column;\njustify-content:center;\nalign-items:center;\noverflow:hidden;\n  position:relative;\n  transition:0.3s;\n\n}\n\n#uc_logo_grid_elementor_bce812d div.logo-grid-item img\n{\nwidth:100%;\n  object-fit: contain;\n  display:block;\n  mix-blend-mode: normal;\n  position:absolute;\n  top:0;\n  left:0;\n  right:0;\n  bottom:0;\n  height:100%;\n  transition:0.3s;\n}\n\n\n\n#uc_logo_grid_elementor_bce812d a\n{\n  display:block;\n  position:absolute;\n  top:0;\n  left:0;\n  right:0;\n  bottom:0;\n  cursor:pointer;\n  display:flex;\njustify-content:center;\nalign-items:center;\n}\n\n<\/style>\n\n<div id=\"uc_logo_grid_elementor_bce812d\" class=\"ue-logo-grid uc-items-wrapper \" >\n\t\t   <div class=\"logo-grid-item elementor-animation-grow\" >\n   \n\t<a href=\"https:\/\/www.mineducacion.gov.co\/portal\/\"  target='_blank'> \n\t\n  \n    <img fetchpriority=\"high\" decoding=\"async\" src=\"https:\/\/redunete.net\/home\/wp-content\/uploads\/2024\/09\/mineducacion-768x300.jpg\" title=\"Ministerio de Educaci\u00f3n de Colombia\"  src=\"https:\/\/redunete.net\/home\/wp-content\/uploads\/2024\/09\/mineducacion-768x300.jpg\" alt=\"mineducacion\" width=\"768\" height=\"300\">\n            <div class=\"ue-logo-title\">Ministerio de Educaci\u00f3n de Colombia<\/div>\n      \t\n      \n  <\/a>\n  \t\n<\/div>\n<div class=\"logo-grid-item elementor-animation-grow\" >\n   \n\t<a href=\"https:\/\/minciencias.gov.co\/\"  target='_blank'> \n\t\n  \n    <img decoding=\"async\" src=\"https:\/\/redunete.net\/home\/wp-content\/uploads\/2024\/09\/minciencias-2022-768x301.jpg\" title=\"Ministerio de Ciencia, Tecnolog\u00eda e Innovaci\u00f3n\"  src=\"https:\/\/redunete.net\/home\/wp-content\/uploads\/2024\/09\/minciencias-2022-768x301.jpg\" alt=\"minciencias-2022\" width=\"768\" height=\"301\">\n            <div class=\"ue-logo-title\">Ministerio de Ciencia, Tecnolog\u00eda e Innovaci\u00f3n<\/div>\n      \t\n      \n  <\/a>\n  \t\n<\/div>\n<div class=\"logo-grid-item elementor-animation-grow\" >\n   \n\t<a href=\"https:\/\/ascun.org.co\/\"  target='_blank'> \n\t\n  \n    <img decoding=\"async\" src=\"https:\/\/redunete.net\/home\/wp-content\/uploads\/2024\/09\/ASCUN.png\" title=\"Asociaci\u00f3n Colombiana de Universidades\"  src=\"https:\/\/redunete.net\/home\/wp-content\/uploads\/2024\/09\/ASCUN.png\" alt=\"ASCUN\" width=\"300\" height=\"114\">\n            <div class=\"ue-logo-title\">Asociaci\u00f3n Colombiana de Universidades<\/div>\n      \t\n      \n  <\/a>\n  \t\n<\/div>\n\n    <\/div>\n<!-- end Logo Grid -->\t\t\t\t<\/div>\n\t\t\t\t<\/div>\n\t\t\t\t\t<\/div>\n\t\t\t\t<\/div>\n\t\t\t\t<\/div>\n\t\t","protected":false},"excerpt":{"rendered":"<p>Aliados Estrat\u00e9gicos Ministerio de Educaci\u00f3n de Colombia Ministerio de Ciencia, Tecnolog\u00eda e Innovaci\u00f3n Asociaci\u00f3n Colombiana de Universidades<\/p>\n","protected":false},"author":1,"featured_media":0,"parent":0,"menu_order":0,"comment_status":"closed","ping_status":"closed","template":"","meta":{"site-sidebar-layout":"no-sidebar","site-content-layout":"","ast-site-content-layout":"full-width-container","site-content-style":"default","site-sidebar-style":"default","ast-global-header-display":"","ast-banner-title-visibility":"","ast-main-header-display":"","ast-hfb-above-header-display":"","ast-hfb-below-header-display":"","ast-hfb-mobile-header-display":"","site-post-title":"disabled","ast-breadcrumbs-content":"","ast-featured-img":"disabled","footer-sml-layout":"","ast-disable-related-posts":"","theme-transparent-header-meta":"","adv-header-id-meta":"","stick-header-meta":"","header-above-stick-meta":"","header-main-stick-meta":"","header-below-stick-meta":"","astra-migrate-meta-layouts":"default","ast-page-background-enabled":"default","ast-page-background-meta":{"desktop":{"background-color":"var(--ast-global-color-4)","background-image":"","background-repeat":"repeat","background-position":"center center","background-size":"auto","background-attachment":"scroll","background-type":"","background-media":"","overlay-type":"","overlay-color":"","overlay-opacity":"","overlay-gradient":""},"tablet":{"background-color":"","background-image":"","background-repeat":"repeat","background-position":"center center","background-size":"auto","background-attachment":"scroll","background-type":"","background-media":"","overlay-type":"","overlay-color":"","overlay-opacity":"","overlay-gradient":""},"mobile":{"background-color":"","background-image":"","background-repeat":"repeat","background-position":"center center","background-size":"auto","background-attachment":"scroll","background-type":"","background-media":"","overlay-type":"","overlay-color":"","overlay-opacity":"","overlay-gradient":""}},"ast-content-background-meta":{"desktop":{"background-color":"var(--ast-global-color-5)","background-image":"","background-repeat":"repeat","background-position":"center center","background-size":"auto","background-attachment":"scroll","background-type":"","background-media":"","overlay-type":"","overlay-color":"","overlay-opacity":"","overlay-gradient":""},"tablet":{"background-color":"var(--ast-global-color-5)","background-image":"","background-repeat":"repeat","background-position":"center center","background-size":"auto","background-attachment":"scroll","background-type":"","background-media":"","overlay-type":"","overlay-color":"","overlay-opacity":"","overlay-gradient":""},"mobile":{"background-color":"var(--ast-global-color-5)","background-image":"","background-repeat":"repeat","background-position":"center center","background-size":"auto","background-attachment":"scroll","background-type":"","background-media":"","overlay-type":"","overlay-color":"","overlay-opacity":"","overlay-gradient":""}},"footnotes":""},"class_list":["post-480","page","type-page","status-publish","hentry"],"_links":{"self":[{"href":"https:\/\/redunete.net\/home\/wp-json\/wp\/v2\/pages\/480","targetHints":{"allow":["GET"]}}],"collection":[{"href":"https:\/\/redunete.net\/home\/wp-json\/wp\/v2\/pages"}],"about":[{"href":"https:\/\/redunete.net\/home\/wp-json\/wp\/v2\/types\/page"}],"author":[{"embeddable":true,"href":"https:\/\/redunete.net\/home\/wp-json\/wp\/v2\/users\/1"}],"replies":[{"embeddable":true,"href":"https:\/\/redunete.net\/home\/wp-json\/wp\/v2\/comments?post=480"}],"version-history":[{"count":11,"href":"https:\/\/redunete.net\/home\/wp-json\/wp\/v2\/pages\/480\/revisions"}],"predecessor-version":[{"id":884,"href":"https:\/\/redunete.net\/home\/wp-json\/wp\/v2\/pages\/480\/revisions\/884"}],"wp:attachment":[{"href":"https:\/\/redunete.net\/home\/wp-json\/wp\/v2\/media?parent=480"}],"curies":[{"name":"wp","href":"https:\/\/api.w.org\/{rel}","templated":true}]}}